 + n = 10, 2*q + n - 16 = 0. Determine s(q).
7
Let n(k) = -k**2 - 3*k + 1. Let i(m) = 2*m**2 + 7*m - 1. Let a(s) = -2*i(s) - 5*n(s). Suppose -5 = 3*b + 7. Determine a(b).
9
Suppose -5*r = o - 4, 14*r - 13*r = 5*o + 32. Let c(g) = g**2 + 5*g - 5. Give c(o).
1
Let i(x) = x**2 + 8*x + 9. Let r = -12 + 2. Suppose 2*w - 2 = -p - 6, -5*p + 4 = 4*w. Let f = p + r. Determine i(f).
-3
Suppose 0 = -10*d + 18 + 12. Let c(s) = s**2 - 6*s. Determine c(d).
-9
Let j(n) = -n**3 + 5*n**2 + 5*n + 3. Suppose 6*g + 4*k - 5 = 3*g, 2*g - 4 = -2*k. Suppose 10 - 28 = -g*o. Calculate j(o).
-3
Let y(j) be the third derivative of -j**5/120 - 2*j**4/3 + j**3/6 + 8*j**2. Let w(u) be the first derivative of y(u). Determine w(-7).
-9
Let h(p) = -p**3 + 8*p**2 - 9*p + 3. Let r be (21*(-8)/60)/(8/(-20)). What is h(r)?
-11
Suppose -5*p = 3*d + 7, 2*p + 0 = -2*d - 2. Let g(q) be the first derivative of 4*q**4 - q**3/3 + 60. Calculate g(d).
15
Let r(y) = 2 + y**2 + 0*y + 9*y - 2*y + y. What is r(-8)?
2
Let h(j) = -10*j**3 + 2*j**2 - 2*j + 1. Let i(q) = 5*q**2 - q + 1 - 4*q**2 + 0*q**2. Let l be i(0). Determine h(l).
-9
Let t = -2 - -6. Let p(d) = t - 6*d + 0*d**2 + 1 + d**2. Suppose -2*b - 27 = -5*u, -17 = -0*u - 4*u - 3*b. Determine p(u).
0
Let m = 63 + -59. Let q(n) = n**3 - 5*n**2 + n + 5. Determine q(m).
-7
Let k(f) = -3*f**3 - 6*f**2 + 12*f + 10. Let z(s) = -8*s**3 - 19*s**2 + 35*s + 30. Let j(w) = -11*k(w) + 4*z(w). Give j(9).
1
Let u(s) be the second derivative of -1/3*s**3 + 2*s + 0 - s**2. Determine u(-3).
4
Let d be (5 + 0)*(-2)/2. Let m = d + 4. Let y be m/(2/4) + 1. Let t(v) = 5*v + 1. Calculate t(y).
-4
Let q be 22/11 - 4/(1 - 3). Let b(j) = -j**3 + 4*j**2 + 3*j - 2. Determine b(q).
10
Let v(j) = j**3 + j + 3. Suppose -12 = -0*p + 3*p. Let i be (1/3)/(p/12). Let r = 1 + i. Give v(r).
3
Let d(f) = f**2 + 3*f. Let u be d(-3). Let a(n) = 2*n - 4 + u*n - n. What is a(0)?
-4
Let n(h) be the first derivative of -h**3/3 - 5*h**2/2 - 4*h - 10. Give n(-4).
0
Let q(z) = 5*z**2 - 7*z - 3. Let u(m) = -13*m**2 - 1 + 10*m**2 + 2*m**2. Let a(n) = -q(n) - 4*u(n). What is a(6)?
13
Let d(h) be the first derivative of 3*h - 3 + 1/2*h**2. Calculate d(0).
3
Let j(p) be the second derivative of p**4/6 - 5*p**3/6 - p**2 - p. Determine j(4).
10
Suppose n - 3 + 0 = 0. Suppose 0 = n*m - 5*m. Let v(k) be the third derivative of k**6/120 - k**5/60 + k**4/24 - 2*k**3/3 - 2*k**2. Give v(m).
-4
Let k(d) = -d**2 + 5*d. Let r = 21 + -15. What is k(r)?
-6
Suppose 3*u + 2*y + 2 - 1 = 0, -3*y = -3. Let q be (1 - 3)*(-5)/2. Let h = u - q. Let t(s) = -s**3 - 7*s**2 - 5*s + 5. What is t(h)?
-1
Let r(n) = -4*n**2 + 8*n + 7. Let b be r(3). Let o(x) = -5*x - 4. Determine o(b).
21
Let s(f) = -631*f + 2 + 630*f - 2. What is s(-5)?
5
Let h(c) = -2*c - 10. Let j be h(-3). Let f(s) = -5*s**3 - 8*s**2 - 6*s - 1. Let r(b) = 4*b**3 + 7*b**2 + 5*b + 2. Let t(g) = -3*f(g) - 4*r(g). Calculate t(j).
3
Suppose -5*m = -20, -4*n + 24 = -0*n + 4*m. Let x(s) = -5 - s**2 + 4 + 0*s + 2*s - s**n. Give x(1).
-1
Let u = 4 + 3. Let w = 4 - u. Let r(v) = v**3 + 2*v**2 + 3*v + 4. What is r(w)?
-14
Suppose -2*t - 25 = -7*t, -5*d + t - 5 = 0. Let a(z) = -z + 1. What is a(d)?
1
Let y(a) = -2*a**3 + 1. Suppose -6*q - 4*h + 20 = -2*q, -5*h - 2 = -4*q. Let o = 12 + -8. Suppose -4*j - 6 + o = -d, -8 = 2*j + q*d. Determine y(j).
3
Let h(z) = 2*z. Let f be h(1). Let r(y) be the third derivative of -y**4/8 + y**3/3 - 2*y**2. What is r(f)?
-4
Suppose 0 = 2*d - 5*g - 16, -5*d - 3*g + 11 = -g. Suppose -d = -n - q, 5*n - 5*q = -0*n - 5. Let f(i) = -n + 3*i + 0 - 4*i + 0*i. What is f(2)?
-3
Let l(n) = -n + 3. Let y be l(0). Let g(x) be the first derivative of -2/3*x**3 - 2*x**2 - 2 - y*x. Give g(-2).
-3
Let f(k) = -11*k + 12*k + 2 - 6 - 6. Determine f(0).
-10
Suppose -d = -3*d + 8. Suppose 0*i = -4*i - 4*y - d, -4*i + 8 = y. Let l(b) = -3 + 6*b + 2 + i + b**2. What is l(-5)?
-3
Let z(h) = -2*h**3 + 3*h**2 + h - 2. Suppose 6*s = 1 + 11. Determine z(s).
-4
Let c(t) be the second derivative of t**5/20 - t**4/3 + 2*t**3/3 - 17*t. Calculate c(3).
3
Let o(u) = -u + 1. Let a(v) = v. Let i(r) = 2*a(r) + o(r). What is i(7)?
8
Let g(w) = -5*w + 15*w - 5*w + 7 - 4*w. What is g(-3)?
4
Let w(f) = -f**2 + f - 1. Let a(u) = 2*u**2 + u. Let r(q) = -a(q) - w(q). Let y = 2 + -6. What is r(y)?
-7
Let y(d) be the third derivative of -d**6/360 + d**5/60 - d**3/6 - 3*d**2. Let u(m) be the first derivative of y(m). What is u(2)?
0
Let n(k) = -k**2. Let a(j) = 2*j**2 - 11*j + 2. Let g(r) = a(r) + 3*n(r). Calculate g(-10).
12
Let x(n) = -n**3 - n - 3. Suppose 13*m = 8*m. Determine x(m).
-3
Let r(c) = c**3 - 8*c**2 + 7*c + 2. Let f = 8 - 1. Give r(f).
2
Suppose 10 = 4*j - q - 6, -2*q - 8 = -2*j. Let i(a) be the second derivative of -1/2*a**2 + 0 + 1/6*a**j - a + 2/3*a**3. Calculate i(-3).
5
Let i = -9 - -5. Suppose y = 3*w + 22, -y = -5*w - 3*y - 55. Let f = w - i. Let q(v) = -v**2 - 4*v + 3. Determine q(f).
-2
Let i(a) be the first derivative of -a**3/3 - 2*a**2 - 2*a - 42. What is i(-4)?
-2
Let l = 5 + 1. Let r be ((-6)/4)/(l/(-20)). Let w(v) be the first derivative of v**4/4 - 2*v**3 + 5*v**2/2 + 6*v + 1. What is w(r)?
6
Let z(b) be the third derivative of b**5/30 - b**4/12 + b**3/2 - 2*b**2. Let s be 5 - (15/3 - 2). Determine z(s).
7
Let z be 18/30 + 12/5. Let v(u) = u - 2. Let l be v(z). Let n(g) = -5*g**3 + g**2 - g. Calculate n(l).
-5
Suppose -6*z + 8 = -2*z. Let u(p) = 9 + 4*p + 24*p**2 - 23*p**z - 3. Determine u(-4).
6
Suppose 3*d = -0*d - 3*f + 24, -5*f = -15. Suppose 20 = -5*h - d*t, -3*t - 3 = 5*h + 11. Let i(r) = -14*r - 1. Determine i(h).
13
Let h(l) = l**3 - 4*l**2 - 7*l. Suppose 0 = 4*d + 2*p - 20, 25 = d + 4*d + 2*p. Calculate h(d).
-10
Let q(h) be the third derivative of -h**4/12 - h**3/6 - h**2. Let a = -10 + 3. Let g = a - -3. Give q(g).
7
Let u be (-25)/(-4) - (-1)/(-4). Suppose s + 4*o = u*s - 27, 0 = 4*o + 12. Let l(a) = s*a + 14 - 4*a - 6. Calculate l(4).
4
Let w(p) = -9*p - 1. Suppose -n - 2 = 1. Let f(i) = i + 2. Let m be f(n). Give w(m).
8
Suppose 4*p = 2*c + 10, -p - 3*c - 8 = -0*p. Let j(a) = -12*a**2 - 5. Let r(i) = -11*i**2 - 4. Let n(g) = -5*j(g) + 6*r(g). Determine n(p).
-5
Let n be -1*(-2 + 9/3). Let h(g) = -5*g**3 - g**2 + 1. Determine h(n).
5
Let p(v) = -11 - v + v + v - 2*v. Let k be -7*4/(-14)*-3. Determine p(k).
-5
Let u(h) be the second derivative of h**5/20 + h**3/6 + 5*h**2 + 21*h - 1. Let v be (0/(-1))/(0 + -1). Determine u(v).
10
Let l(s) = s**2 + 7*s - 6. Let r = 25 - 30. Give l(r).
-16
Let v(t) = t**2. Let b be -2*3/6*-2. Suppose b + 1 = -k. Give v(k).
9
Suppose 2*k = 0, 0 = -5*n + 10*n - k. Let t(s) = -2*s. Determine t(n).
0
Let s be -2 + 5 - (-3 - -5). Let p(c) = 7*c - 1. Determine p(s).
6
Let i(g) = g**2 - 3*g - 5. Let p(l) = -l**2 + 4*l + 6. Let z(d) = 7*i(d) + 6*p(d). Let c be z(-3). Let u(w) = -6*w**3 - w**2 + 2*w - 1. Determine u(c).
-6
Let f(n) be the second derivative of -n**3/6 + 15*n**2/2 - 5*n. Determine f(0).
15
Let i(x) = x**2 + 3*x - 3. Let b(t) = t**2 + 4*t + 5. Let m be b(-5). Let u be (m/4)/((-2)/4). What is i(u)?
7
Let p(c) = -c + 3. Suppose 7 = -4*g + n - 17, -4*n = -g - 6. Let t be g*2/4*-1. What is p(t)?
0
Let l = 15 - 15. Suppose 6*t - t = l. Let o(j) = j**3 - j**2 - j - 9. Calculate o(t).
-9
Let y = 2 - 0. Suppose -z + y*z = 5. Let f(s) be the first derivative of s**3/3 - 2*s**2 - 3*s + 1. Determine f(z).
2
Let q(n) be the third derivative of -n**3 - n**2 - 1/12*n**4 + 0 + 0*n. What is q(-4)?
2
Let r(b) = -b + 10. Let q(y) be the second derivative of y**4/12 - y**3/2 + y**2 + 2*y. Let s be q(2). Let f be (-2 - (s - 1))*0. Determine r(f).
10
Let b(w) = 2*w + 6. Let s(a) = a + 7. Let h be (-3 - -2)/(1/(-3)). Let t(z) = h*s(z) - 2*b(z). Let j be (0*4/(-4))/(-2). What is t(j)?
9
Let x(o) = -13*o + 9. Let r(g) = 20*g - 14. Let v(w) = -5*r(w) - 8*x(w). Suppose -5*m = 4*t + 14, 6*m + 2*t + 10 = 2*m. Calculate v(m).
-10
Let i(a) = 7*a - 5. Let z be (0 + 1 + -2)*-1. Let c(r) = -r. Let l(u) = z*i(u) + 6*c(u). What is l(5)?
0
Let x(h) = -2*h + 3. Suppose -45 = -0*u - 9*u. Calculate x(u).
-7
Let z = 2 + -1. Let q(f) be the second derivative of -7*f**5/20 - f**4/12 + f**3/3 - f**2/2 - 2*f. Calculate q(z).
-7
Let p(r) = r**2 - 8*r + 6. Let b(c) = c**2 - 7*c - 11. Let m be b(9). Give p(m).
-1
Let n(v) = v - 1. Le